{"id":8790,"date":"2016-10-13T15:05:47","date_gmt":"2016-10-13T13:05:47","guid":{"rendered":"https:\/\/adequat.eu\/de\/product\/zaunpfosten-kastanie\/"},"modified":"2026-04-24T09:24:52","modified_gmt":"2026-04-24T07:24:52","slug":"zaunpfosten-kastanie","status":"publish","type":"product","link":"https:\/\/adequat.eu\/de\/produkt\/holzpfaehle-holzpfosten\/kastanienpfaehle-kastanienpfosten\/zaunpfosten-kastanie\/","title":{"rendered":"Kastanienpfahl \u00f8 10\/12 cm"},"content":{"rendered":"<p>Der Zaunpfosten Kastanie \u00d8 10\/12 ist ein Rundholzpfahl aus langlebigen, nat\u00fcrlichem Kastanienholz. Der Pfosten hat einen Durchmesser von ungef\u00e4hr 11 Zentimetern und einen Umfang von ungef\u00e4hr 35 Zentimetern.<\/p>\n<p>Die Dicke der Pf\u00e4hle wird an der d\u00fcnnen Seite gemessen. Der Zaunpfahl aus Kastanie wird an der dicken Seite angespitzt. Ein Zaunpfahl aus Kastanie is nicht immer ganz gerade.<\/p>\n<p>Die Angabe \u00d8 10\/12\u00a0bedeutet, dass der Durchmesser des Pfahls zwischen 10\u00a0cm und 12\u00a0cm liegt. Der Durchmesser (auch Diameter genannt) ist quasi ein Querschnitt durch den Pfahl, also eine gerade Linie, die quer durch den Mittelpunkt des Pfahls geht.<\/p>\n<h4>Harter oder gepflasterter Boden?<\/h4>\n<p>M\u00f6chten Sie den Pfahl in harten Boden setzen oder auf steinigem\/gepflastertem Untergrund aufstellen? Dieser Kastanienpfahl ist auch mit Bodenh\u00fclsen erh\u00e4ltlich:<\/p>\n<p><a href=\"https:\/\/adequat.eu\/de\/produkt\/holzpfaehle-holzpfosten\/zaunpfahl-mit-einschlaghuelse-o-10-12-cm\/\"><strong>\u2794 Pfahl 10-12 cm \u00d8 mit Einschlagh\u00fclse<\/strong><\/a><\/p>\n<p><a href=\"https:\/\/adequat.eu\/de\/produkt\/holzpfaehle-holzpfosten\/zaunpfahl-mit-aufschraubhuelse-o-10-12-cm\/\"><strong>\u2794 Pfahl 10-12 cm \u00d8 mit Aufschraubh\u00fclse\u00a0<\/strong><\/a><\/p>\n<h2>Zaunpfosten aus Kastanie: besonders langlebig<\/h2>\n<p>Zaunpfosten aus Kastanie sind von Natur aus besonders langlebig. Durch die Gerbs\u00e4ure im Holz m\u00fcssen die Zaunpfosten nicht behandelt und gepflegt werden, denn sie sind schon von Natur aus gegen Feuchtigkeit gesch\u00fctzt. Daher ist die Verwendung von Zaunpfosten aus Kastanie auch sehr gut f\u00fcr die Umwelt. Die Pfosten sind gesch\u00e4lt und angespitzt, aber behalten ansonsten ihre nat\u00fcrliche Form. Deswegen ist ein Zaunpfosten aus Kastanienholz auch nicht immer ganz gerade.<\/p>\n<p>Diese Zaunpfosten aus Kastanie werden auch oft f\u00fcr <a href=\"https:\/\/adequat.eu\/de\/projekte\/spielgerate-holz\/\">Spielger\u00e4te<\/a>, wie Schaukeln und Reckstangen verwendet.<\/p>\n<p>Diese Zaunpfosten aus Kastanie sind in verschiedenen L\u00e4ngen erh\u00e4ltlich.<\/p>\n<p><img decoding=\"async\" class=\"alignnone size-medium wp-image-39944\" src=\"https:\/\/adequat.eu\/de\/wp-content\/uploads\/sites\/3\/2025\/09\/Kastanienpfahl-pfosten-edelkastanie-992x662.jpg\" alt=\"Kastanienpfahl Pfosten Edelkastanie\" width=\"992\" height=\"662\" srcset=\"https:\/\/adequat.eu\/de\/wp-content\/uploads\/sites\/3\/2025\/09\/Kastanienpfahl-pfosten-edelkastanie-992x662.jpg 992w, https:\/\/adequat.eu\/de\/wp-content\/uploads\/sites\/3\/2025\/09\/Kastanienpfahl-pfosten-edelkastanie-1200x801.jpg 1200w, https:\/\/adequat.eu\/de\/wp-content\/uploads\/sites\/3\/2025\/09\/Kastanienpfahl-pfosten-edelkastanie-384x256.jpg 384w, https:\/\/adequat.eu\/de\/wp-content\/uploads\/sites\/3\/2025\/09\/Kastanienpfahl-pfosten-edelkastanie-576x384.jpg 576w, https:\/\/adequat.eu\/de\/wp-content\/uploads\/sites\/3\/2025\/09\/Kastanienpfahl-pfosten-edelkastanie-768x512.jpg 768w, https:\/\/adequat.eu\/de\/wp-content\/uploads\/sites\/3\/2025\/09\/Kastanienpfahl-pfosten-edelkastanie-800x534.jpg 800w, https:\/\/adequat.eu\/de\/wp-content\/uploads\/sites\/3\/2025\/09\/Kastanienpfahl-pfosten-edelkastanie.jpg 1920w\" sizes=\"(max-width: 992px) 100vw, 992px\" \/><\/p>\n","protected":false},"excerpt":{"rendered":"<p>Der Zaunpfosten Kastanie \u00d8 10\/12 ist ein Rundholzpfahl aus langlebigen, nat\u00fcrlichem Kastanienholz. Der Pfosten hat einen Durchmesser von ungef\u00e4hr 11 Zentimetern und einen Umfang von&#8230;<\/p>\n","protected":false},"featured_media":6383,"comment_status":"closed","ping_status":"closed","template":"","meta":{"_acf_changed":false,"inline_featured_image":false,"_trash_the_other_posts":false,"ep_exclude_from_search":false,"iawp_total_views":16532,"editor_notices":[]},"product_brand":[],"product_cat":[255,520,519,263,517,518,523,516,521],"product_tag":[752],"class_list":{"0":"post-8790","1":"product","2":"type-product","3":"status-publish","4":"has-post-thumbnail","6":"product_cat-kastanienpfaehle-kastanienpfosten","7":"product_cat-gefluegelzaun","8":"product_cat-hasenzaun","9":"product_cat-holzpfaehle-holzpfosten","10":"product_cat-huenerzaun","11":"product_cat-hundezaun","12":"product_cat-pferdezaun","13":"product_cat-schafzaun","14":"product_cat-wildzaun","15":"product_tag-palenwand","17":"first","18":"instock","19":"shipping-taxable","20":"purchasable","21":"product-type-variable","22":"has-default-attributes"},"composite_virtual":false,"composite_layout":"","composite_add_to_cart_form_location":"","composite_editable_in_cart":false,"composite_sold_individually_context":"","composite_shop_price_calc":"","composite_components":[],"composite_scenarios":[],"acf":[],"_links":{"self":[{"href":"https:\/\/adequat.eu\/de\/wp-json\/wp\/v2\/product\/8790","targetHints":{"allow":["GET"]}}],"collection":[{"href":"https:\/\/adequat.eu\/de\/wp-json\/wp\/v2\/product"}],"about":[{"href":"https:\/\/adequat.eu\/de\/wp-json\/wp\/v2\/types\/product"}],"replies":[{"embeddable":true,"href":"https:\/\/adequat.eu\/de\/wp-json\/wp\/v2\/comments?post=8790"}],"wp:featuredmedia":[{"embeddable":true,"href":"https:\/\/adequat.eu\/de\/wp-json\/wp\/v2\/media\/6383"}],"wp:attachment":[{"href":"https:\/\/adequat.eu\/de\/wp-json\/wp\/v2\/media?parent=8790"}],"wp:term":[{"taxonomy":"product_brand","embeddable":true,"href":"https:\/\/adequat.eu\/de\/wp-json\/wp\/v2\/product_brand?post=8790"},{"taxonomy":"product_cat","embeddable":true,"href":"https:\/\/adequat.eu\/de\/wp-json\/wp\/v2\/product_cat?post=8790"},{"taxonomy":"product_tag","embeddable":true,"href":"https:\/\/adequat.eu\/de\/wp-json\/wp\/v2\/product_tag?post=8790"}],"curies":[{"name":"wp","href":"https:\/\/api.w.org\/{rel}","templated":true}]}}

Kastanienpfahl ø 10/12 cm

<p>Der Zaunpfosten Kastanie Ø 10/12 ist ein Rundholzpfahl aus langlebigen, natürlichem Kastanienholz. Der Pfosten hat einen Durchmesser von ungefähr 11 Zentimetern und einen Umfang von ungefähr 35 Zentimetern.</p>
<p>Die Dicke der Pfähle wird an der dünnen Seite gemessen. Der Zaunpfahl aus Kastanie wird an der dicken Seite angespitzt. Ein Zaunpfahl aus Kastanie is nicht immer ganz gerade.</p>
<p>Die Angabe Ø 10/12 bedeutet, dass der Durchmesser des Pfahls zwischen 10 cm und 12 cm liegt. Der Durchmesser (auch Diameter genannt) ist quasi ein Querschnitt durch den Pfahl, also eine gerade Linie, die quer durch den Mittelpunkt des Pfahls geht.</p>
<h4>Harter oder gepflasterter Boden?</h4>
<p>Möchten Sie den Pfahl in harten Boden setzen oder auf steinigem/gepflastertem Untergrund aufstellen? Dieser Kastanienpfahl ist auch mit Bodenhülsen erhältlich:</p>
<p><a href="https://adequat.eu/de/produkt/holzpfaehle-holzpfosten/zaunpfahl-mit-einschlaghuelse-o-10-12-cm/"><strong>➔ Pfahl 10-12 cm Ø mit Einschlaghülse</strong></a></p>
<p><a href="https://adequat.eu/de/produkt/holzpfaehle-holzpfosten/zaunpfahl-mit-aufschraubhuelse-o-10-12-cm/"><strong>➔ Pfahl 10-12 cm Ø mit Aufschraubhülse </strong></a></p>
<h2>Zaunpfosten aus Kastanie: besonders langlebig</h2>
<p>Zaunpfosten aus Kastanie sind von Natur aus besonders langlebig. Durch die Gerbsäure im Holz müssen die Zaunpfosten nicht behandelt und gepflegt werden, denn sie sind schon von Natur aus gegen Feuchtigkeit geschützt. Daher ist die Verwendung von Zaunpfosten aus Kastanie auch sehr gut für die Umwelt. Die Pfosten sind geschält und angespitzt, aber behalten ansonsten ihre natürliche Form. Deswegen ist ein Zaunpfosten aus Kastanienholz auch nicht immer ganz gerade.</p>
<p>Diese Zaunpfosten aus Kastanie werden auch oft für <a href="https://adequat.eu/de/projekte/spielgerate-holz/">Spielgeräte</a>, wie Schaukeln und Reckstangen verwendet.</p>
<p>Diese Zaunpfosten aus Kastanie sind in verschiedenen Längen erhältlich.</p>
<p><img decoding="async" class="alignnone size-medium wp-image-39944" src="https://adequat.eu/de/wp-content/uploads/sites/3/2025/09/Kastanienpfahl-pfosten-edelkastanie-992x662.jpg" alt="Kastanienpfahl Pfosten Edelkastanie" width="992" height="662" srcset="https://adequat.eu/de/wp-content/uploads/sites/3/2025/09/Kastanienpfahl-pfosten-edelkastanie-992x662.jpg 992w, https://adequat.eu/de/wp-content/uploads/sites/3/2025/09/Kastanienpfahl-pfosten-edelkastanie-1200x801.jpg 1200w, https://adequat.eu/de/wp-content/uploads/sites/3/2025/09/Kastanienpfahl-pfosten-edelkastanie-384x256.jpg 384w, https://adequat.eu/de/wp-content/uploads/sites/3/2025/09/Kastanienpfahl-pfosten-edelkastanie-576x384.jpg 576w, https://adequat.eu/de/wp-content/uploads/sites/3/2025/09/Kastanienpfahl-pfosten-edelkastanie-768x512.jpg 768w, https://adequat.eu/de/wp-content/uploads/sites/3/2025/09/Kastanienpfahl-pfosten-edelkastanie-800x534.jpg 800w, https://adequat.eu/de/wp-content/uploads/sites/3/2025/09/Kastanienpfahl-pfosten-edelkastanie.jpg 1920w" sizes="(max-width: 992px) 100vw, 992px" /></p>

<p>Der Zaunpfosten Kastanie Ø 10/12 ist ein Rundholzpfahl aus langlebigen, natürlichem Kastanienholz. Der Pfosten hat einen Durchmesser von ungefähr 11 Zentimetern und einen Umfang von&#8230;</p>
